ided by 2?
1
What is the remainder when (-9)/21*(121 - 4055) is divided by 421?
2
Suppose -45*v + 167*v - 1769 = 6649. Let z = 20 - -2. Calculate the remainder when v is divided by z.
3
Let w(f) = 9*f**2 + 2*f + 6. Let i be w(5). Let a = 528 - i. Calculate the remainder when a is divided by 29.
26
Suppose 0*t = 6*t - 30. What is the remainder when (262/(-10) + t)/((-2)/5) is divided by 28?
25
Let k = 13 - -13. Let o(l) = 12*l**2 + 7*l**2 - 21*l**2 + 7*l**2 + 7 + k*l. What is the remainder when o(-6) is divided by 8?
7
Calculate the remainder when 2444 is divided by -26*12/(-4) - 18/(11 + -8).
68
Let i be 1 + -95 + -5 + 3. Let x = 230 + i. Calculate the remainder when x is divided by (((-22080)/36)/20)/(8/(-6)).
19
Suppose 0 = 19*h - 7*h - 144. Calculate the remainder when 376 is divided by 26 - 22 - (2 - h/1).
12
Suppose -263*p = -89*p + 50*p - 26880. What is the remainder when 349 is divided by p?
109
Suppose -2*i = 3*i - 3*i. Suppose i = 11*g - 11 - 66. Calculate the remainder when 111 is divided by g.
6
Suppose -42 = 67*u - 74*u. Suppose -m = 2*m + 4*g - 33, -u = -m - 3*g. Let o = 108 - 35. Calculate the remainder when o is divided by m.
13
Suppose 10*c = 5*c + 25, 4*c + 604 = 3*q. What is the remainder when 1662 is divided by q?
206
Let w = -305 - -299. Let c(v) be the first derivative of v**3/3 + 2*v**2 + 5*v - 1. Calculate the remainder when 33 is divided by c(w).
16
Let u(c) = -2*c + 39. Let f be u(11). Suppose 32 = -f*q + 19*q. Suppose 0 = -14*d + q*d - 34. What is the remainder when d is divided by 9?
8
Let h(n) = -n**2 + 2*n + 1. Let s be h(1). Suppose -s*f = -7*f + 795. Suppose -5*z = -f + 139. Calculate the remainder when 10 is divided by z.
2
Suppose -3*b = 324*u - 327*u - 354, -884 = -8*b - 2*u. Calculate the remainder when 560 is divided by b.
0
Let g = 117 - 110. Let p(z) = 4*z**2 - 4*z - 6. Calculate the remainder when p(-4) is divided by -2*1*(266/(-4))/g.
17
Suppose -765 - 2565 = -5*s. Suppose -2*m - 1288 = -3*f, s = 5*f - 2*m - 1474. What is the remainder when f is divided by 18?
12
Suppose -47377 = -9*v - 3646. Calculate the remainder when v is divided by 54.
53
Let v = 27417 + -26869. What is the remainder when v is divided by 228?
92
Suppose 34*i - 1000 = -6*i. Suppose -30 = -3*j - 4*b, 0 = 4*j - b - 1 - 20. Suppose 3*h - j*h + 147 = 0. Calculate the remainder when h is divided by i.
24
Let k = 107 + -12. Suppose 5*y - 22 = 3*z + 175, 5*y - 5*z - 195 = 0. Suppose 2*g + y = 7*g. Calculate the remainder when k is divided by g.
7
Suppose -6*i + 4*w + 1974 = -3*i, -i + 642 = 4*w. Let o = -631 + i. What is the remainder when 157 is divided by o?
19
Let q = 3091 - 3076. Calculate the remainder when 4466 is divided by q.
11
Suppose 3*h - 45 = -2*h. Let c(u) = 8*u**2 + 504*u - 485. Calculate the remainder when c(-64) is divided by h.
0
Suppose 0 = 3*z - 0*p + 2*p + 2046, 3*z + p + 2043 = 0. What is the remainder when 406 is divided by ((-15)/20)/(15/z)?
32
Suppose 5 = 4*q - 3*q. Suppose -13*h + 3*g = -8*h - 22, 0 = g - 1. What is the remainder when (-1)/q - (-273)/15 is divided by h?
3
What is the remainder when -1 + (-7)/(-6) + (20 - (-47675)/150) is divided by 79?
22
Suppose 0 = 3*c + c + 5*p + 34, -4*p = c + 14. Let l(v) be the first derivative of -5*v**2/2 + 9*v - 2996. What is the remainder when l(c) is divided by 10?
9
Let a = 381 - 233. What is the remainder when ((-20)/15)/(-2)*(a - 7) is divided by 39?
16
Let s(p) = 612*p - 3090. What is the remainder when s(20) is divided by 44?
42
What is the remainder when 2/(-4) + 654/4 is divided by (-58)/(-261) + (-1544)/(-18)?
77
Let o = -2450 - -2482. Suppose 4*b = -0*b + 24. What is the remainder when o is divided by b?
2
Let l(c) be the second derivative of -c**5/20 + 5*c**4/6 - 19*c**3/6 + 4*c**2 + 116*c. Calculate the remainder when l(7) is divided by 16.
6
Let u = -223 + 373. Let y = -559 - -611. Calculate the remainder when u is divided by y.
46
Suppose -3*h + 171 = -4*w, h - 5*w = 4*h - 171. Let b = 102 - h. Calculate the remainder when b is divided by 20 + -2 + 3 + 3.
21
What is the remainder when 269 is divided by (-2)/(-3)*189/6?
17
Suppose -5*c + 390 - 101 = s, 0 = -3*s + c + 755. Calculate the remainder when s is divided by 188.
66
Let i = -50 - -73. Let m be (-146)/(-5)*220/88. Suppose m = -3*q + 4*q + 2*r, 5*q + r - 338 = 0. Calculate the remainder when q is divided by i.
21
Let i = 45 - 43. Suppose 2*d - 3*m - 4 = -i, 0 = -3*m. Suppose 2*n = -2*w + 19 - d, 0 = 5*w + n - 41. What is the remainder when 19 is divided by w?
3
Let g be (-16)/(-28)*(-7)/(-2) + -2. Suppose g = -4*u - 7 + 59. Suppose q + 3*n - 80 = 0, 0*n - 3 = -3*n. Calculate the remainder when q is divided by u.
12
Let z = -659 - -746. What is the remainder when z is divided by 66?
21
Let j be 4/(-5 + 13)*10. Suppose j*o - 2*r = -7*r + 180, 0 = 5*o - 2*r - 152. Calculate the remainder when o is divided by 18.
14
Let s(q) = 9*q - 50. Let m(r) = 9*r - 49. Let x(p) = 4*m(p) - 3*s(p). What is the remainder when 52 is divided by x(6)?
4
Suppose 4*x - 7*x + 495 = 0. Let b = -95073 - -95101. Calculate the remainder when x is divided by b.
25
Let g(b) = 95*b**2 - 1. Let l = -380 + 381. What is the remainder when g(l) is divided by 16?
14
Suppose -h = 3*u - 160 - 18, -2*u = 4*h - 752. What is the remainder when h is divided by 16?
14
Let t(l) = -2*l**3 - 14*l**2 + 6. Suppose -4*d + 9*d - 25 = 0. What is the remainder when t(-7) is divided by d?
1
Suppose 4*o - 4*t = -43 + 803, -4*o - 4*t + 704 = 0. What is the remainder when 2563 is divided by o?
1
Suppose -293*q + 1044 = -88*q - 2271 + 855. Suppose 4*l = 4*f - 1752, 4*f = -4*l + 178 + 1590. What is the remainder when f is divided by q?
8
What is the remainder when (-2592)/(-4320) + (-20892)/(-5) is divided by 10?
9
Suppose 316*d + 152 = 13108. Calculate the remainder when 156 is divided by d.
33
Let j(i) = i**2 + 16*i - 253. Let t(m) = 3*m**2 + 5*m + 28. Calculate the remainder when t(6) is divided by j(-27).
34
Let o(h) = -779*h + 6746. Calculate the remainder when o(8) is divided by 512.
2
Let a(u) = -u**3 + 6*u**2 - 5*u. Let m be a(5). Suppose 3*p + 6 = 0, g + 2*g + p + 272 = m. What is the remainder when 14 is divided by (-20)/g + 70/9?
6
Suppose -4*o - 2 = 3*f - 0, -5*f = -5*o - 20. Suppose -3*i + 2 = -f*k - 2*i, 0 = 5*i + 20. Calculate the remainder when 56/(-21)*(0 - k/(-2)) is divided by 2.
0
Let d = 1 - 0. Suppose -56*y + 43 = 3*u - 60*y, y + 58 = 6*u. What is the remainder when u is divided by d?
0
Let a = 46 + -44. Suppose a*w - w = 4, -5*k + 28 = -3*w. Suppose 16 = 4*r, s - 3*r + 1 = k. What is the remainder when 75 is divided by s?
18
Let i be ((-75)/135)/((-1)/9). Calculate the remainder when 8 is divided by (i - (-220)/(-50)) + 64/10.
1
Let f = -62 - -69. Let u(d) = 19*d - 122. Let t = -15 - -18. What is the remainder when u(f) is divided by t?
2
Suppose 42 = -2*d + 28. What is the remainder when (-22)/(-18 - d) + 5 + 1 is divided by 5?
3
Let b = 9044 + -9013. What is the remainder when 2042 is divided by b?
27
Calculate the remainder when 523 is divided by 6/(-48) + 7203/216 + (-32)/144.
28
Suppose 2 - 6 = -k + 3*u, -12 = -3*k + 4*u. Suppose -5*i - n = -127, -4*i + 0*i - k*n = -92. Calculate the remainder when 37 is divided by i.
11
Let o be (-4 + -2)/(6/(-16)). Suppose o*r - 10 = 14*r. Suppose -81 = -r*p - 21. Calculate the remainder when 33 is divided by p.
9
Calculate the remainder when 516 is divided by ((-252)/14 - -2)*(3 + 51/(-12)).
16
Let o(y) = 32*y - 2. Let n(r) = -16*r + 1. Let f(t) = -10*n(t) - 4*o(t). Calculate the remainder when f(2) is divided by 236/16 + 0 - 30/(-24).
14
Calculate the remainder when 192 is divided by 6/48 + (-303)/(-8).
2
Let j be (-5 + 2)/((-1)/(-2)). Let v = 11 - j. Suppose 1524*o + 3*l - 150 = 1522*o, l + 126 = 2*o. Calculate the remainder when o is divided by v.
15
Let y(q) = q + 19. Suppose 141*n + 274 - 1402 = 0. Calculate the remainder when y(-8) is divided by n.
3
Suppose -33*f = -30*f - 87. Let w(p) = 677*p - 13. Calculate the remainder when w(1) is divided by f.
26
Let k = -11 + 26. Suppose -j + 463 = -5*h + 111, -2*j + 722 = -4*h. Let y = -357 + j. Calculate the remainder when k is divided by y.
5
Let h = -17 - -173. Let l = -76 + h. Let p(z) = z**3 + 9*z**2 + 10*z - 19. What is the remainder when